{"id":33,"date":"2021-09-23T03:28:10","date_gmt":"2021-09-23T03:28:10","guid":{"rendered":"https:\/\/demo.casethemes.net\/itfirm\/?page_id=33"},"modified":"2023-11-29T17:25:52","modified_gmt":"2023-11-29T17:25:52","slug":"quienes-somos","status":"publish","type":"page","link":"http:\/\/www.newdatacorp.com\/?page_id=33","title":{"rendered":"Quienes somos"},"content":{"rendered":"\t\t<div data-elementor-type=\"wp-page\" data-elementor-id=\"33\" class=\"elementor elementor-33\">\n\t\t\t\t        <section class=\"elementor-section elementor-top-section elementor-element elementor-element-5099d28 elementor-section-boxed elementor-section-height-default elementor-section-height-default ct-header-fixed-none ct-column-none ct-row-scroll-none ct-row-gradient--none\" data-id=\"5099d28\" data-element_type=\"section\">\n            \n                        <div class=\"elementor-container elementor-column-gap-extended \">\n                            <div class=\"elementor-row\">\n                    <div class=\"elementor-column elementor-col-50 elementor-top-column elementor-element elementor-element-3cf6c49 ct-column-none col-offset-none col-color-offset-none\" data-id=\"3cf6c49\" data-element_type=\"column\">\n            <div class=\"elementor-column-wrap elementor-element-populated\">\n                            <div class=\"elementor-widget-wrap\">\n                \t\t<div class=\"elementor-element elementor-element-461d76b4 elementor-widget elementor-widget-ct_heading\" data-id=\"461d76b4\" data-element_type=\"widget\" data-widget_type=\"ct_heading.default\">\n\t\t\t\t<div class=\"elementor-widget-container\">\n\t\t\t\t\t<div id=\"ct_heading-461d76b4\" class=\"ct-heading h-align- item-st-default highlight-style1\">\r\n  <div class=\"ct-heading--inner\"> \r\n    <div class=\"ct-inline-css\"  data-css=\"\r\n                                \">\r\n    <\/div>\r\n      <div class=\"item--text-below\">\r\n      <div class=\"ct-inline-css\"  data-css=\"\r\n        \">\r\n      <\/div>\r\n          <\/div>\r\n  \r\n\t\t\t<div class=\"item--sub-title style-icon-right \" data-wow-delay=\"ms\">\r\n                        <span>\r\n                QUIENES SOMOS            <\/span>\r\n                            <svg class=\"svg-right\" xmlns=\"http:\/\/www.w3.org\/2000\/svg\" xmlns:xlink=\"http:\/\/www.w3.org\/1999\/xlink\" width=\"33\" height=\"21\" viewBox=\"0 0 33 21\">\r\n                  <defs>\r\n                    <style>\r\n                      .h-cls-1, .h-cls-2 {\r\n                        fill: none;\r\n                        stroke-width: 3px;\r\n                        fill-rule: evenodd;\r\n                      }\r\n\r\n                      .h-cls-1 {\r\n                        filter: url(#filter);\r\n                      }\r\n\r\n                      .h-cls-2 {\r\n                        filter: url(#filter-2);\r\n                      }\r\n                    <\/style>\r\n                    <filter id=\"right-h-filterct_heading-461d76b4\" x=\"-0.125\" y=\"-0.094\" width=\"32.406\" height=\"12\" filterUnits=\"userSpaceOnUse\">\r\n                      <feFlood result=\"flood\"\/>\r\n                      <feComposite result=\"composite\" operator=\"in\" in2=\"SourceGraphic\"\/>\r\n                      <feBlend result=\"blend\" in2=\"SourceGraphic\"\/>\r\n                    <\/filter>\r\n                    <filter id=\"right-h-filter-2ct_heading-461d76b4\" x=\"-10\" y=\"14.594\" width=\"29.656\" height=\"6.406\" filterUnits=\"userSpaceOnUse\">\r\n                      <feFlood result=\"flood\"\/>\r\n                      <feComposite result=\"composite\" operator=\"in\" in2=\"SourceGraphic\"\/>\r\n                      <feBlend result=\"blend\" in2=\"SourceGraphic\"\/>\r\n                    <\/filter>\r\n\r\n                    <linearGradient id=\"right-h-grad1ct_heading-461d76b4\" x1=\"0%\" y1=\"0%\" x2=\"100%\" y2=\"0%\">\r\n                      <stop offset=\"0%\" style=\"stop-color:#0044a3;stop-opacity:1\" \/>\r\n                      <stop offset=\"100%\" style=\"stop-color:#014261;stop-opacity:1\" \/>\r\n                    <\/linearGradient>\r\n\r\n                  <\/defs>\r\n                  <g>\r\n                    <g style=\"fill: none; filter: url(#right-h-filterct_heading-461d76b4)\">\r\n                      <path id=\"right-h-pathct_heading-461d76b4\" class=\"h-cls-1\" d=\"M-0.117,8.9H27.036s5.078-3.073,0-6.517\" style=\"stroke: inherit; filter: none;\"\/>\r\n                    <\/g>\r\n                    <use xlink:href=\"#right-h-pathct_heading-461d76b4\" style=\"stroke: url(#right-h-grad1ct_heading-461d76b4); filter: none; fill: none\"\/>\r\n                    <g style=\"fill: none; filter: url(#right-h-filter-2ct_heading-461d76b4)\">\r\n                      <path id=\"right-h-bgct_heading-461d76b4\" class=\"h-cls-2\" d=\"M-9.991,14.594H17.352s5.114,3.027,0,6.422\" style=\"stroke: inherit; filter: none;\"\/>\r\n                    <\/g>\r\n                    <use xlink:href=\"#right-h-bgct_heading-461d76b4\" style=\"stroke: url(#right-h-grad1ct_heading-461d76b4); filter: none; fill: none\"\/>\r\n                  <\/g>\r\n                <\/svg>\r\n                    <\/div>\r\n\t    <h3 class=\"item--title st-default \" data-wow-delay=\"ms\">\r\n        <span class=\"ct-text-inner\"><\/span>    <\/h3>\r\n  <\/div>\r\n<\/div>\r\n\t\t\t\t<\/div>\n\t\t\t\t<\/div>\n\t\t\t\t<div class=\"elementor-element elementor-element-6ce4e8d elementor-widget elementor-widget-ct_text_editor\" data-id=\"6ce4e8d\" data-element_type=\"widget\" data-widget_type=\"ct_text_editor.default\">\n\t\t\t\t<div class=\"elementor-widget-container\">\n\t\t\t\t\t<div id=\"ct_text_editor-6ce4e8d\" class=\"ct-text-editor \" data-wow-delay=\"ms\">\n\t<div class=\"ct-item--inner\">\n\t\t<div class=\"ct-inline-css\"  data-css=\"\n\t        \t\t\t\">\n\n\t    <\/div>\n\t\t<div class=\"ct-text-editor elementor-clearfix\">\n\t\t\t<h2 class=\"vc_custom_heading\">NEW DATA CORP S.A.C.<\/h2><div class=\"wpb_text_column wpb_content_element \"><div class=\"wpb_wrapper\"><p>Es una empresa dedicada a brindar soluciones especializadas en las \u00e1reas de Tecnolog\u00eda de la Informaci\u00f3n y en Comunicaci\u00f3n de datos (TIC), y nos esforzamos para llegar a ser un gran aliado en el desarrollo y posicionamiento de soluciones tecnol\u00f3gicas de integraci\u00f3n.<\/p><p><strong>NEW DATA CORP S.A.C.<\/strong>\u00a0cuenta con un equipo de t\u00e9cnicos y profesionales experimentado, debidamente capacitados y certificados, que se encuentran al servicio de nuestros clientes, quienes trabajan dedicados a satisfacer los requerimientos de consultor\u00eda, asistencia t\u00e9cnica y dem\u00e1s, a la vez, est\u00e1n en una permanente renovaci\u00f3n de servicios a brindar en b\u00fasqueda de la excelencia empresarial.<\/p><\/div><\/div>\t\t\n\t\t<\/div>\n\t<\/div>\n<\/div>\t\t\t\t<\/div>\n\t\t\t\t<\/div>\n\t\t\t\t<div class=\"elementor-element elementor-element-92457bb elementor-widget elementor-widget-ct_tabs\" data-id=\"92457bb\" data-element_type=\"widget\" data-widget_type=\"ct_tabs.default\">\n\t\t\t\t<div class=\"elementor-widget-container\">\n\t\t\t\t\t<div class=\"ct-tabs ct-tabs1  content-type-text_editor\" data-wow-delay=\"ms\">\n    <div class=\"ct-tabs--main\">\n        <div class=\"ct-tabs-title\">\n                            <span class=\"ct-tab-title active\" data-target=\"#ct_tabs-92457bb-e40f566\">\n                                                            Visi\u00f3n        \n                <\/span>\n                            <span class=\"ct-tab-title \" data-target=\"#ct_tabs-92457bb-3082b60\">\n                                                            Misi\u00f3n        \n                <\/span>\n                            <span class=\"ct-tab-title \" data-target=\"#ct_tabs-92457bb-ac88279\">\n                                                            Valores        \n                <\/span>\n                    <\/div>\n\n        <div class=\"ct-tabs-content\">\n                            <div class=\"ct-tab-content \" id=\"ct_tabs-92457bb-e40f566\" style=\"display:block;\"><p>Convertirnos en la mejor empresa prestadora de Soluciones Integrales en Servicios y Soporte T\u00e9cnico en el campo de las Tecnolog\u00edas de la Informaci\u00f3n y Comunicaciones del pa\u00eds.<\/p><\/div>\n                            <div class=\"ct-tab-content \" id=\"ct_tabs-92457bb-3082b60\"><p>Proveer servicios y soluciones en el campo de las Tecnolog\u00edas de la Informaci\u00f3n y Comunicaciones, con altos est\u00e1ndares de calidad, que sean un apoyo en el logro de los objetivos de nuestros clientes y socios de negocios, y que adem\u00e1s logren satisfacerlos totalmente, mediante la implementaci\u00f3n de procesos eficientes, la mejora continua, y el mejor equipo humano tanto en especializaci\u00f3n como en valores \u00e9ticos.<\/p><\/div>\n                            <div class=\"ct-tab-content \" id=\"ct_tabs-92457bb-ac88279\"><ul><li>Cumplimiento<\/li><li>Seriedad<\/li><li>Eficiencia<\/li><li>Calidad<\/li><li>Innovaci\u00f3n<\/li><li>Confiabilidad<\/li><li>Trabajo en Equipo<\/li><\/ul><\/div>\n                    <\/div>\n    <\/div>\n<\/div>\t\t\t\t<\/div>\n\t\t\t\t<\/div>\n\t\t                <\/div>\n                    <\/div>\n        <\/div>\n                <div class=\"elementor-column elementor-col-50 elementor-top-column elementor-element elementor-element-244f4bd ct-column-none col-offset-none col-color-offset-none\" data-id=\"244f4bd\" data-element_type=\"column\">\n            <div class=\"elementor-column-wrap elementor-element-populated\">\n                            <div class=\"elementor-widget-wrap\">\n                \t\t<div class=\"elementor-element elementor-element-9977bd5 elementor-widget elementor-widget-ct_banner\" data-id=\"9977bd5\" data-element_type=\"widget\" data-widget_type=\"ct_banner.default\">\n\t\t\t\t<div class=\"elementor-widget-container\">\n\t\t\t\t\t\t<div class=\"ct-banner ct-banner1 \" data-wow-delay=\"ms\">\r\n\t\t<div class=\"ct-banner-inner\">\r\n\t\t\t<div class=\"ct-banner-image\">\r\n\t\t\t\t<img fetchpriority=\"high\" decoding=\"async\" class=\"\" src=\"http:\/\/www.newdatacorp.com\r\n\/wp-content\/uploads\/2023\/11\/imagen2-800x530.jpg\" width=\"800\" height=\"530\" alt=\"imagen2\" title=\"imagen2\" \/>\t\t\t\t\t\t\t\t\t<div class=\"ct-banner-counter\">\r\n\t\t\t\t\t\t<div class=\"ct-counter-inner\">\r\n\t\t\t\t\t\t\t<div class=\"ct-counter-number-value\" data-duration=\"2000\" data-to-value=\"12\" data-delimiter=\"\"><\/div>\r\n\t\t\t\t\t\t\t<div class=\"ct-counter-title el-empty\">A\u00f1os de experiencia<\/div>\r\n\t\t\t\t\t\t<\/div>\r\n\t\t\t\t\t<\/div>\r\n\t\t\t\t\t\t\t<\/div>\r\n\t\t\t<div class=\"ct-banner-holder\">\r\n\t\t\t\t\t\t\t\t\t<div class=\"item--icon el-empty\">\r\n\t\t\t\t\t\t<i aria-hidden=\"true\" class=\"flaticon flaticon-telephone-call\"><\/i>\t\t\t\t\t<\/div>\r\n\t\t\t\t\t\t\t\t<div class=\"ct-banner-meta\">\r\n\t\t\t\t\t<h5 class=\"item--title el-empty\">Celular <\/h5>\r\n\t\t\t\t\t<div class=\"item--desc el-empty\">+51 997554765<\/div>\r\n\t\t\t\t<\/div>\r\n\t\t\t<\/div>\r\n\r\n\t\t<\/div>\r\n\t<\/div>\r\n\t\t\t\t<\/div>\n\t\t\t\t<\/div>\n\t\t                <\/div>\n                    <\/div>\n        <\/div>\n                                <\/div>\n                    <\/div>\n        <\/section>\n        \t\t<\/div>\n\t\t","protected":false},"excerpt":{"rendered":"<p>QUIENES SOMOS NEW DATA CORP S.A.C. Es una empresa dedicada a brindar soluciones especializadas en las \u00e1reas de Tecnolog\u00eda de la Informaci\u00f3n y en Comunicaci\u00f3n de datos (TIC), y nos esforzamos para llegar a ser un gran aliado en el desarrollo y posicionamiento de soluciones tecnol\u00f3gicas de integraci\u00f3n. NEW DATA CORP S.A.C.\u00a0cuenta con un equipo [&hellip;]<\/p>\n","protected":false},"author":1,"featured_media":0,"parent":0,"menu_order":0,"comment_status":"closed","ping_status":"closed","template":"","meta":{"footnotes":""},"_links":{"self":[{"href":"http:\/\/www.newdatacorp.com\/index.php?rest_route=\/wp\/v2\/pages\/33"}],"collection":[{"href":"http:\/\/www.newdatacorp.com\/index.php?rest_route=\/wp\/v2\/pages"}],"about":[{"href":"http:\/\/www.newdatacorp.com\/index.php?rest_route=\/wp\/v2\/types\/page"}],"author":[{"embeddable":true,"href":"http:\/\/www.newdatacorp.com\/index.php?rest_route=\/wp\/v2\/users\/1"}],"replies":[{"embeddable":true,"href":"http:\/\/www.newdatacorp.com\/index.php?rest_route=%2Fwp%2Fv2%2Fcomments&post=33"}],"version-history":[{"count":16,"href":"http:\/\/www.newdatacorp.com\/index.php?rest_route=\/wp\/v2\/pages\/33\/revisions"}],"predecessor-version":[{"id":9935,"href":"http:\/\/www.newdatacorp.com\/index.php?rest_route=\/wp\/v2\/pages\/33\/revisions\/9935"}],"wp:attachment":[{"href":"http:\/\/www.newdatacorp.com\/index.php?rest_route=%2Fwp%2Fv2%2Fmedia&parent=33"}],"curies":[{"name":"wp","href":"https:\/\/api.w.org\/{rel}","templated":true}]}}